c - 103. What is the remainder when j is divided by c?
11
Let c = -3954 - -4141. What is the remainder when c is divided by 57?
16
Let i = -2908 - -2981. What is the remainder when 174 is divided by i?
28
Let o be 1 - (-2 + 1 - 7). Suppose 0*b + o = -3*b, 3*b - 53 = -2*d. Suppose q - 3 = 29*w - 25*w, 2*w = -4*q + 30. What is the remainder when d is divided by q?
3
Let m(x) = -x**2 + 31*x - 84. Let p be m(28). Suppose -5*o - 3*y + 1821 - 602 = 0, -4*o + y + 982 = p. Calculate the remainder when o is divided by 64.
53
Let o(v) = 5*v - 12. Let f be o(7). Let g = -20 + f. What is the remainder when 38 is divided by (-15)/45 - (-43)/g?
10
Let m = 20 - -10. Let u = m - 36. Let p(n) = n**2 + 2*n - 10. Calculate the remainder when 39 is divided by p(u).
11
Suppose 4*g + 150 = 5*u, -2*g - 19 = -u + 5. Calculate the remainder when 4756 is divided by u.
30
Suppose k - 30 - 215 = -5*l, 4*k - l = 917. Calculate the remainder when 490 is divided by k.
30
Let v(h) = -6*h**3 - 2*h**2 + 5*h + 3. Let b be v(-3). Let l = 161 - b. Calculate the remainder when l is divided by 2.
1
Suppose -4*a - 37*u + 39*u = -6328, 5*a + u = 7917. What is the remainder when a is divided by 48?
47
Let d = 366 + -334. Suppose -d*b + 3496 = -13*b. Calculate the remainder when b is divided by 6.
4
Suppose -2*w + 37 = -f, -47*w + 5*f + 32 = -46*w. Calculate the remainder when 686 is divided by w.
6
Let g = -1028 + 1024. Calculate the remainder when ((-242)/2)/(14/(-10 + g)) is divided by 54.
13
Let c = -180 + 384. Suppose -3*n = 81 - c. Suppose 273 = -38*q + n*q. Calculate the remainder when q is divided by 31.
29
Let n = 703 - 463. Suppose -13*l + n = -7*l. What is the remainder when 159 is divided by l?
39
Let a(n) = 5*n**2 - 2*n + 4. Calculate the remainder when a(4) is divided by 0/2 + ((-732)/(-18) - (-60)/(-90)).
36
Suppose -3*q = 4*l - 103, -5*q - 4*l + 35 + 126 = 0. Suppose -2*u + 3*u = 4*m + 90, 0 = -3*u + 4*m + 262. Calculate the remainder when u is divided by q.
28
Let y = 435 - 416. Suppose -5*b - 182 = -y*b. Calculate the remainder when 85 is divided by b.
7
Suppose 609 = 3*m + 2*l - 922, 3*l + 1012 = 2*m. Calculate the remainder when m is divided by 55.
14
Suppose -178*l = -239*l + 6283. Calculate the remainder when 369 is divided by l.
60
Let s(t) = -t**2 - 21*t - 100. Let u be s(-11). Let m(n) = -n**3 + 9*n**2 + 12*n - 7. What is the remainder when 128 is divided by m(u)?
11
Let n(j) = 6 - 3*j + 4*j - 9 - 9. Suppose 0 = 15*f - 10*f + 5*c - 60, -2*f - 5*c = -21. Calculate the remainder when f is divided by n(13).
0
Let f be 12/4*-4*(-3)/4. Let i(s) = s**2 + 8 + 0*s - f*s - 8 + 4. What is the remainder when i(14) is divided by 25?
24
Let k(n) = -211*n + 5621. What is the remainder when 436 is divided by k(26)?
31
Suppose 0 = 12*v - 16*v - 3*p + 263, -2*p = -2. What is the remainder when 1101 is divided by v?
61
Let a(s) = s**2 + 123*s + 484. Let m = -42 - -77. Calculate the remainder when m is divided by a(-4).
3
Let l be 12/6 - 156/((-20)/(-5)). Let u be 190/(-15)*12/(-2). Let n = l + u. Calculate the remainder when 154 is divided by n.
37
Let u be (18/(-3))/(-3) - -6. Let q(k) = -k**3 + 8*k**2 + 3*k + 29. Calculate the remainder when q(u) is divided by 15.
8
What is the remainder when 1450*(-81)/(-135)*5/2 is divided by 36?
15
Suppose 105*c = -32*c - 0*c + 2329. Calculate the remainder when 2802 is divided by c.
14
Let r(l) = 8*l - 12. Let d be r(2). Suppose 3*q - 4*f - 76 = 0, -56 = -d*q + 2*f + 62. What is the remainder when q is divided by 8?
0
Let d = -19867 - -19890. What is the remainder when 4668 is divided by d?
22
Suppose -12*o + 7*o + 89 = -41. Calculate the remainder when 126 is divided by o.
22
Let r(j) = -111 - 11*j - 7*j - 45 - 42 + 47. What is the remainder when 306 is divided by r(-9)?
9
Suppose -5*j + 4*r + 330 = 0, 3*j - r - 211 = 4*r. What is the remainder when j is divided by 16?
14
Let i be (-2)/(-3) + (-26)/(-6). Suppose -i*d + h + 15 = -20, -2*d - h + 21 = 0. Calculate the remainder when 76 is divided by d.
4
Suppose 2*p = d - 10, 2 = -4*p - 2. Suppose q = -5*x + 26, 2*q - 37 = 3*x - d*x. Calculate the remainder when q is divided by 2.
1
Suppose 7*m - 20 = -4*u + 3*m, m = 4*u. Let q = 174 + -105. Calculate the remainder when q is divided by 546/30 - u/5.
15
Let z(i) = -168*i**2 - 742*i. Calculate the remainder when 1670 is divided by z(-4).
270
Let t = 46 + -45. Let y(i) = -i**2 - i + 2. Let g be y(0). Suppose -3*o - 3*r = -r - 5, 0 = -g*o - 2*r + 4. Calculate the remainder when o is divided by t.
0
Let h(j) = 8*j**2 + 13*j + 25. Calculate the remainder when h(-3) is divided by 31.
27
Suppose -5*m = -3*w - 9, -2*m + 3*m = -2*w - 6. Suppose -427*j + 429*j - 236 = m. Calculate the remainder when j is divided by 10.
8
Let x = 48625 - 45359. What is the remainder when x is divided by 48?
2
Suppose -90*w = -97*w - 7. What is the remainder when (-21)/(-9)*(-2 + 20) is divided by -22*1/6*(w - 2)?
9
Let z(b) = 4*b**2 - 4*b - 3. Suppose -3*h - 2*d = 2*d + 213, 5*d = -5*h - 360. Let s = h - -73. Calculate the remainder when 39 is divided by z(s).
18
Let w(x) = x - 6. Let h be (-2)/10 + 610/50. Let l be w(h). Suppose l = y - 52. Calculate the remainder when y is divided by 15.
13
Let l(o) = 3*o**2 + 228. Let y be l(0). Let a be 2/4*-2*-273. Suppose y - a = -3*c. What is the remainder when 71 is divided by c?
11
Let a(x) = 15*x - 249. Let z(u) = -u**2 + 12*u - 1. Let d be z(4). What is the remainder when a(d) is divided by 20?
16
Let z be (1618/4 + 0)/((-109)/218). Let i = 827 + z. Calculate the remainder when 95 is divided by i.
5
Let r(f) = f**2 - 16*f + 86. Let z be 26/4 + (-4)/(8/(-1)). Calculate the remainder when 126 is divided by r(z).
11
Let i(t) = -t**3 + 5*t**2 + 7*t - 6. Let f be i(6). Suppose f = 30*w - 421 - 89. What is the remainder when 2442/21 - (-4)/(-14) is divided by w?
14
Let w = -563 - -565. Suppose 11*n - 4*a - 300 = 7*n, -378 = -5*n + w*a. What is the remainder when n is divided by 7?
6
Let u = -3019 + 5393. Calculate the remainder when u is divided by 198.
196
Suppose w - 1 - 9 = 0. Suppose -z + 2*b = -87, -428 = -5*z + 234*b - 231*b. What is the remainder when z is divided by w?
5
Let u(g) = -144*g + 31. Let y be u(-2). Suppose y*k = 318*k + 1. Suppose -5*x = -2*t + 26 - 3, -4*t = 2*x - 10. Calculate the remainder when t is divided by k.
0
Suppose 0 = -5*x, 2*x - 33 = -3*g - 9. Suppose -24 - 15 = -3*w + 5*k, -w = 2*k - 2. What is the remainder when -110*(12/g - 2) is divided by w?
7
Let y(g) = g**3 - 4*g**2 + 4*g + 9. Let p be y(6). Calculate the remainder when 111 is divided by 4/6 + (-322)/p*-5.
15
Let x(l) = 24*l**3 + 1. Let k be x(1). Let o = -9686 - -9688. Calculate the remainder when 128 is divided by o*5/10 + k.
24
Suppose -3*i + 19 = v, 5*v - 165 = -v - i. Suppose 0 = -9*j - v*j + 814. Calculate the remainder when j is divided by 10.
2
Suppose -37*j + 44 = 9 - 76. Calculate the remainder when 9 is divided by j.
0
Suppose 2*y = 2*i - 682 - 216, 0 = -2*y - 10. What is the remainder when 2/(2*6/i) is divided by 5?
4
Calculate the remainder when 3/9 - ((-3320)/30 + 13) is divided by 41.
16
Let g(o) = 3*o**2 - 28*o + 2. Let f be g(8). Let i = -22 - f. Calculate the remainder when i is divided by (-2)/5 - (-22)/5.
0
Let p(n) = -n - 1. Let j(x) = -5*x**3 + 3*x - 3. Let h be j(1). Let c be p(h). Suppose 0 = -c*t - 6*t + 80. What is the remainder when 52 is divided by t?
4
Calculate the remainder when 484 is divided by (-151)/(((-2)/5)/((-4)/(-10))).
31
Suppose -25*p + 623 = 8*p + 56*p. What is the remainder when (-174)/(-21) + 2/(-7) is divided by p?
1
Suppose d + 68 = h, 5*d + 56 = h - 16. Suppose -4*f - 65 = h. Let m = f - -60. Calculate the remainder when 79 is divided by m.
25
Suppose 0 = 5*l - 50 + 35. Suppose 0 = -l*b + 12 + 9. Suppose 0 = b*s - 19*s + 180. Calculate the remainder when 22 is divided by s.
7
Suppose 0 = 2*k - 22 - 24. Let w(s) be the second derivative of -s**4/12 - 23*s**3/6 + 12*s. What is the remainder when w(-21) is divided by k?
19
Let v be (-10)/(-25) - 1614/(-15). Suppose -c = -4*p - 14, -4*c - 3*p + v = -6*p. Let s = 152 - 144. What is the remainder when c is divided by s?
6
Let q(s) = -2*s**3 - 3*s**2 + 3*s - 3. Let h be q(2). What is the remainder when (4/(-3))/(h/75) + 68 is divided by 25?
22
Let 